{"id":2167,"date":"2021-03-18T22:48:22","date_gmt":"2021-03-18T20:48:22","guid":{"rendered":"https:\/\/www.decorento.ee\/pood\/?post_type=product&#038;p=2167"},"modified":"2022-02-01T22:23:52","modified_gmt":"2022-02-01T20:23:52","slug":"pamparedwine-60cm","status":"publish","type":"product","link":"https:\/\/www.decorento.ee\/pood\/toode\/pamparedwine-60cm\/","title":{"rendered":"Pamparohi &#8216;RED WINE&#8217; 60 cm"},"content":{"rendered":"<h3><span style=\"vertical-align: inherit\">PAMPA &#8216;RED WINE&#8217; on dekoratiivne k\u00f5rreline. <\/span><\/h3>\n<p><span style=\"vertical-align: inherit\">T\u00e4nap\u00e4eval on uinuvad ja kuivatatud taimed \u00fcks olulisi ja trendikaid kodusisustuselemente. Taimed ei vaja hoolt, p\u00fcsivad kaunina aastaid ja on vaieldamatud pilgup\u00fc\u00fcdjad nii modernses minimalistlikus kui ka klassikalises interj\u00f6\u00f6ris. Naturaalsed taimed aitavad kiirelt luua kodus hubase atmosf\u00e4\u00e4ri.<br \/>\nPamparohi ehk pampa on pehme ja efektne kuivlill, saadaval erinevates v\u00e4rvides.<br \/>\nTaimedele sobiva vaasivalikuga saad tutvuda siin <a href=\"https:\/\/www.decorento.ee\/pood\/tootekategooria\/kodusisustus\/\">KODUSISUSTUS<\/a><\/span><\/p>\n<h3 class=\"p1\"><span style=\"vertical-align: inherit\">Mis on uinuvad lilled?<\/span><\/h3>\n<ul>\n<li>Uinuvad ehk stabiliseeritud lilled on naturaalsed elustaimed, mis p\u00fcsivad keskmiselt 3 aastat.<\/li>\n<li>Ehtsad lilled on t\u00f6\u00f6deldud spetsiaalse tehnnoloogia abil. Taimede loomulik niiksus eemaldatakse ja asendatakse s\u00e4ilitusainetega gl\u00fctseriini baasil, mis tagavad taimede<span style=\"vertical-align: inherit\"> pikaaegse s\u00e4ilimise, v\u00e4rskuse ja kauni v\u00e4limuse lausa aastateks.<\/span><\/li>\n<li><span class=\"Y2IQFc\" lang=\"et\">Iga lill l\u00e4bib range valiku vastavalt teatud kriteeriumidele, punga suurusele ja kvaliteedile. Seej\u00e4rel pleegitatakse l\u00f5igatud ehtne taim v\u00e4rvituks. See protsess v\u00f5tab mitu p\u00e4eva aega. P\u00e4rast seda valitakse igale lillele oma v\u00e4rv ja koostatakse v\u00e4rvivalem. T\u00e4nu sellele protsessile on saadaval peaaegu iga vikerkaarev\u00e4rvi lille &#8211; looduslikust kuni k\u00f5ige s\u00e4ravama ja ebatavalisemani.<\/span><\/li>\n<li>Lahus, millega taimi stabiliseerimisprotsessi ajal t\u00f6\u00f6deldakse, on absoluutselt ohutu nii inimestele kui loomadele. K\u00f5ik tooted l\u00e4bivad erinevaid katseid ja peavad olema sertifitseeritud enne m\u00fc\u00fcgipunktidesse saatmist.<\/li>\n<li><span class=\"Y2IQFc\" lang=\"et\">H\u00fcpoallergeenne. Erinevalt tavalistest lilledest, mille \u00f5ietolm v\u00f5ib p\u00f5hjustada allergiat, on s\u00e4ilitatud lilled t\u00e4iesti h\u00fcpoallergeensed.<\/span><\/li>\n<li>Stabiliseeritud taimed ei vaja hoolt, vett ega p\u00e4ikest. Uinuvad rohelised taimed on suurep\u00e4rane lahendus pimedasse v\u00f5i kunstliku valgusega ruumi.<\/li>\n<li>Uinuvad lilled on suurep\u00e4rane sisustuselement ja kaunis kingitus, mis r\u00f5\u00f5mustab saajat uskumatult pikka aega.<\/li>\n<\/ul>\n<p class=\"p1\"><span style=\"vertical-align: inherit\">Oma t\u00f6\u00f6s kasutame k\u00f5rgkvaliteetseid stabiliseeritud lilli ja taimi Jaapani \u00fchelt k\u00f5ige tuntumalt ja pikema ajalooga uinuvate taimede tootjalt. Teeme pidevat koost\u00f6\u00f6d, et pakkuda Eesti turul k\u00f5ige laiemat uinuvate taimede valikut.\u00a0<\/span><\/p>\n<p>K\u00f5ik seaded, kimbud ja kompositsioonid on valmistatud Eestis, DecoRento stuudios. Erisoovide puhul kirjuta info@decorento.ee ja teeme sinu idee teoks!<\/p>\n<h3 class=\"p1\"><span style=\"vertical-align: inherit\">Uinuvad lilled: PAMPA &#8216;RED WINE&#8217;:<br \/>\n<\/span><span style=\"vertical-align: inherit\">HOOLDAMISJUHEND<\/span><\/h3>\n<ul class=\"ul1\">\n<li class=\"li1\"><span style=\"vertical-align: inherit\">V\u00e4ltige vee sattumist taimedele, lehtedele v\u00f5i hoiuanumasse.<\/span><\/li>\n<li class=\"li1\"><span style=\"vertical-align: inherit\">V\u00e4ltige otsest p\u00e4ikesevalgust ning \u00e4rge hoidke taimi aknalaual.<\/span><\/li>\n<li class=\"li1\"><span style=\"vertical-align: inherit\">\u00c4rge hoidke stabiliseeritud taimi k\u00f5rge \u00f5huniiskusega ruumides, nagu n\u00e4iteks vannitoad, saunad ja basseinid. \u00d5huniiskus peaks olema alla 80%<\/span><\/li>\n<li class=\"li1\"><span style=\"vertical-align: inherit\">Optimaalne toatemperatuur peaks j\u00e4\u00e4ma vahemikku +5 kuni + 35 \u00b0. Samuti on soovitatav v\u00e4ltida j\u00e4rske temperatuurimuutusi<\/span><\/li>\n<li class=\"li1\"><span style=\"vertical-align: inherit\">Soovi korral saab lilledelt aeg-ajalt \u00f5rnalt tolmu p\u00fchkida f\u00f6\u00f6ni k\u00fclma \u00f5hu funktsiooniga v\u00f5i pehme pintsliga.<\/span><\/li>\n<li class=\"li1\"><span style=\"vertical-align: inherit\">Proovige taimi v\u00f5imalikult v\u00e4he katsuda. <\/span><\/li>\n<li class=\"li1\"><span style=\"vertical-align: inherit\">Stabiliseeritud \u00f5itel v\u00f5ivad tootmise erip\u00e4ra t\u00f5ttu olla kroonlehtedes kortsud ja praod. Seda ei peeta toote defektiks.\u00a0<\/span><\/li>\n<\/ul>\n<p>Uinuvad taimed &#8211; suurep\u00e4rane kingiidee, mis r\u00f5\u00f5mustab saajat eriti pikka aega! Meie e-poest leiad laia valiku lillekarpe, kompositsioone ja lillekimpe erinevateks t\u00e4htp\u00e4evadeks igale maitsele.<br \/>\nPildiraamid uinuvate \u00f5itega sobivad kingituseks aastap\u00e4vaks, pulmakingiks v\u00f5i beebi s\u00fcnni puhul. Erinevad kimbud ja rikkalikud klaaskarbid on ideaalsed kingitused s\u00fcnnip\u00e4evaks, naistep\u00e4evaks, s\u00f5brap\u00e4evaks v\u00f5i hoopis v\u00e4rskele l\u00f5petajale.<\/p>\n<p>Oled v\u00e4sinud otsimast iga n\u00e4dal kimpe, et \u00f5nnitleda oma firma t\u00f6\u00f6tajaid? V\u00e4ike klaaskarp v\u00f5i klaaskuul kauas\u00e4iivate lillede ja taimedega on hea \u00e4rikingi idee, sest nii on sul \u00fcks mure v\u00e4hem &#8211; saad kasv\u00f5i terve aastavaru ette osta! Lisaks on see ilus ja eriline kingitus \u00e4ripartnerile.<\/p>\n<p>Stabiliseeritud lilled, uinuvad ja kuivatatud taimed on suurep\u00e4rased sisustustuselemendid. Efektsed kompositsioonid, kimbud ja p\u00e4rjad annavad lisav\u00e4\u00e4rtuse igale interj\u00f6\u00f6rile. Kvaliteetsed uinuvad lilli on raske eristada eluslilledest, nende eelis on uskumatult pikk p\u00fcsivus ja see, et need ei vaja absoluutselt mitte mingit hoolt.<\/p>\n<p>Et olla kursis meie tegemistega ja saada inspiratsiooni j\u00e4lgi meid <a href=\"https:\/\/www.instagram.com\/decorento.ee.pood\/\" target=\"_blank\" rel=\"noopener\">Instagramis<\/a><\/p>\n","protected":false},"excerpt":{"rendered":"<p class=\"p1\">Pampa, pampas grass ehk pamparohi on s\u00e4ilitatud taimne materjal, mis ei vaja hoolt, vett ega valgust ja mis p\u00fcsib kaunina aastaid. Uinuvad ja kuivatatud lilled on trendikas lisa nii kaasaegses kui ka klassikalises interj\u00f6\u00f6ris.<\/p>\n<p class=\"p1\">Pampa pikkus : 60 cm<br \/>\nV\u00e4rv: veinipunane<\/p>\n<p class=\"p1\"><strong>PANE T\u00c4HELE:<\/strong><\/p>\n<ul>\n<li class=\"p1\"><strong>Olenevalt ekraani seadetest v\u00f5ivad reaalsed toonid pildist veidi erineda.\u00a0<\/strong><\/li>\n<li class=\"p1\"><b>Pilt on illustratiivne, toode v\u00f5ib veidi erineda pildist, sest tegemist on naturaalse loodusliku materjaliga.<\/b><\/li>\n<li class=\"p1\"><strong><span class=\"Apple-converted-space\">Tellimuse t\u00f6\u00f6tlemine ja v\u00e4ljasaatmine v\u00f5tab aega kuni 3 t\u00f6\u00f6p\u00e4eva.\u00a0<\/span><\/strong><\/li>\n<\/ul>\n<p>Hinna sisse kuulub taimede pakendamine transpordiks, soovi korral saab lisatasu eest pakendada ka kingitusena. Toodet on v\u00f5imalik tellida pakiautomaatidesse \u00fcle Eesti.<\/p>\n","protected":false},"featured_media":2176,"template":"","meta":[],"product_brand":[],"product_cat":[149],"product_tag":[168,167,162,174,171,176,175,158,177],"class_list":{"0":"post-2167","1":"product","2":"type-product","3":"status-publish","4":"has-post-thumbnail","6":"product_cat-uinuvad-taimed","7":"product_tag-interjoori","8":"product_tag-kingiidee","9":"product_tag-kodusisustus","10":"product_tag-korreline","11":"product_tag-kuivatatud-lilled","12":"product_tag-kuivlilled","13":"product_tag-pamparohi","14":"product_tag-uinuvad-taimed","15":"product_tag-uinuvadlilled","17":"first","18":"instock","19":"taxable","20":"shipping-taxable","21":"purchasable","22":"product-type-simple"},"_links":{"self":[{"href":"https:\/\/www.decorento.ee\/pood\/wp-json\/wp\/v2\/product\/2167","targetHints":{"allow":["GET"]}}],"collection":[{"href":"https:\/\/www.decorento.ee\/pood\/wp-json\/wp\/v2\/product"}],"about":[{"href":"https:\/\/www.decorento.ee\/pood\/wp-json\/wp\/v2\/types\/product"}],"wp:featuredmedia":[{"embeddable":true,"href":"https:\/\/www.decorento.ee\/pood\/wp-json\/wp\/v2\/media\/2176"}],"wp:attachment":[{"href":"https:\/\/www.decorento.ee\/pood\/wp-json\/wp\/v2\/media?parent=2167"}],"wp:term":[{"taxonomy":"product_brand","embeddable":true,"href":"https:\/\/www.decorento.ee\/pood\/wp-json\/wp\/v2\/product_brand?post=2167"},{"taxonomy":"product_cat","embeddable":true,"href":"https:\/\/www.decorento.ee\/pood\/wp-json\/wp\/v2\/product_cat?post=2167"},{"taxonomy":"product_tag","embeddable":true,"href":"https:\/\/www.decorento.ee\/pood\/wp-json\/wp\/v2\/product_tag?post=2167"}],"curies":[{"name":"wp","href":"https:\/\/api.w.org\/{rel}","templated":true}]}}