{"id":2418,"date":"2021-05-04T10:53:42","date_gmt":"2021-05-04T07:53:42","guid":{"rendered":"https:\/\/www.decorento.ee\/pood\/?post_type=product&#038;p=2418"},"modified":"2026-01-26T18:11:51","modified_gmt":"2026-01-26T16:11:51","slug":"pisike-kimp-uinuv-roos-klaasvaasis","status":"publish","type":"product","link":"https:\/\/www.decorento.ee\/pood\/toode\/pisike-kimp-uinuv-roos-klaasvaasis\/","title":{"rendered":"Pisike kimp: uinuv roos klaasvaasis &#8216;MICRO&#8217;"},"content":{"rendered":"<p>PS! Olenevalt ekraani v\u00e4rviseadetest v\u00f5ivad toonid p\u00e4riselus veidi erineda.<\/p>\n<p>Lilled p\u00fcsivad kaunina aastaid ja ei vaja selleks erihoolt. Sobib v\u00e4ga h\u00e4sti s\u00f5brap\u00e4eva-, s\u00fcnnip\u00e4eva-, koolil\u00f5pu- v\u00f5i aastap\u00e4evakingituseks, miks mitte ka noorele emale lapse s\u00fcnni puhul.<\/p>\n<p>Mesisuu makroonid on erilised selle poolest, et on k\u00e4sit\u00f6\u00f6na valminud ainult naturaalsest ja \u00f5iglase kaubanduse toorainest. Need ei sisalda \u00fchtegi kunstlikku v\u00e4rvainet ega l\u00f5hna- ja maitsetugevdajaid. Lisaks v\u00f5id Mesisuu toodede koostisest leida nii m\u00f5negi FairTrade tunnustusega toote.<\/p>\n<p class=\"p1\"><span style=\"vertical-align: inherit;\">Oma kimpudes ja seadetes kasutame k\u00f5rgekvaliteedilisi stabiliseeritud lilli ja taimi Jaapani \u00fchelt k\u00f5ige tuntumalt ja pikema ajalooga uinuvate taimede tootjalt. Uinuvate ehk stabiliseeritud taimede n\u00e4ol on tegemist naturaalsete elustaimedega, mille t\u00f6\u00f6tlemisel on kasutatud spetsiaalset tehnoloogiat, mis tagab taimede pikaaegse s\u00e4ilimise, v\u00e4rskuse ja kauni v\u00e4limuse lausa aastateks. Stabiliseeritud lillede ja taimede keskmine eluiga on 3-5 aastat.\u00a0<\/span><\/p>\n<p>Hinna sisse kuulub kimbu pakendamine transpordiks, soovi korral saab lisatasu eest pakendada ka kingitusena.<\/p>\n<h3 class=\"p1\"><span style=\"vertical-align: inherit;\">KAUAS\u00c4ILIVAD LILLED JA UINUV ROOS: HOOLDAMISJUHEND<\/span><\/h3>\n<ul class=\"ul1\">\n<li class=\"li1\"><span style=\"vertical-align: inherit;\">V\u00e4ltige vee sattumist taimedele, lehtedele v\u00f5i hoiuanumasse (lillealus, vaas vm)<\/span><\/li>\n<li class=\"li1\"><span style=\"vertical-align: inherit;\">V\u00e4ltige otsest p\u00e4ikesevalgust ning \u00e4rge hoidke taimi aknalaual<\/span><\/li>\n<li class=\"li1\"><span style=\"vertical-align: inherit;\">\u00c4rge hoidke stabiliseeritud taimi k\u00f5rge \u00f5huniiskusega ruumides (vannitoad, saunad, basseinid jne). Optimaalne \u00f5huniiskus peaks olema alla 80%<\/span><\/li>\n<li class=\"li1\"><span style=\"vertical-align: inherit;\">Optimaalne toatemperatuur peaks j\u00e4\u00e4ma vahemikku +5 kuni + 35 \u00b0. Samuti on soovitatav v\u00e4ltida j\u00e4rske temperatuurimuutusi<\/span><\/li>\n<li class=\"li1\"><span style=\"vertical-align: inherit;\">Soovi korral saab aeg-ajalt tolmu p\u00fchkida f\u00f6\u00f6ni k\u00fclma \u00f5hu funktsiooniga<\/span><\/li>\n<li class=\"li1\"><span style=\"vertical-align: inherit;\">Proovige v\u00f5imalusel taimi mitte katsuda<\/span><\/li>\n<li class=\"li1\"><span style=\"vertical-align: inherit;\">Stabiliseeritud \u00f5itel v\u00f5ivad tootmise erip\u00e4ra t\u00f5ttu olla kroonlehtedes kortsud ja praod. Seda ei peeta toote defektiks<\/span><\/li>\n<\/ul>\n","protected":false},"excerpt":{"rendered":"<p>V\u00e4ike, ent pilkup\u00fc\u00fcdev ja imearmas lillekimp kauakestvatest lilledest. Pitsiga kaunistatud klaasvaasikeses on uinuv roos ning teised kauas\u00e4ilivad lilled.<\/p>\n<p>Kimp: 11 cm x 6 cm<br \/>\nVaas: 6 cm x 3 cm<\/p>\n<p>V\u00e4rvigamma soovidest anda m\u00e4rku tellimuse vormistamisel.<\/p>\n<p>Hinna sisse kuulub seade pakendamine transpordiks, soovi korral saab lisatasu eest pakendada ka kingitusena. V\u00f5imalik saatmine pakiautomaadiga.<\/p>\n<p class=\"p1\"><strong>PANE T\u00c4HELE:<\/strong><\/p>\n<ul>\n<li class=\"p1\"><strong>Olenevalt ekraani seadetest v\u00f5ivad reaalsed toonid pildist veidi erineda.\u00a0<\/strong><\/li>\n<li class=\"p1\"><strong>Isegi siis, kui kasutame samu materjale, iga kompositsioon on k\u00e4sit\u00f6\u00f6, seega<span class=\"Apple-converted-space\">\u00a0\u00a0<\/span>see v\u00f5ib veidi erineda pildist. <\/strong><\/li>\n<li class=\"p1\"><strong><span class=\"Apple-converted-space\">Tellimuse t\u00f6\u00f6tlemine ja v\u00e4ljasaatmine v\u00f5tab aega kuni 3 t\u00f6\u00f6p\u00e4eva.\u00a0<\/span><\/strong><\/li>\n<\/ul>\n<p>&nbsp;<\/p>\n","protected":false},"featured_media":2419,"template":"","meta":[],"product_brand":[],"product_cat":[105],"product_tag":[163,172,202,161,160,164],"class_list":{"0":"post-2418","1":"product","2":"type-product","3":"status-publish","4":"has-post-thumbnail","6":"product_cat-uinuvadkimbud","7":"product_tag-kingitus","8":"product_tag-lilled-kodus","9":"product_tag-uinuv-roos","10":"product_tag-uinuvad-lilled","11":"product_tag-uinuvad-roosid","12":"product_tag-vaas","14":"first","15":"onbackorder","16":"taxable","17":"shipping-taxable","18":"purchasable","19":"product-type-simple"},"_links":{"self":[{"href":"https:\/\/www.decorento.ee\/pood\/wp-json\/wp\/v2\/product\/2418","targetHints":{"allow":["GET"]}}],"collection":[{"href":"https:\/\/www.decorento.ee\/pood\/wp-json\/wp\/v2\/product"}],"about":[{"href":"https:\/\/www.decorento.ee\/pood\/wp-json\/wp\/v2\/types\/product"}],"wp:featuredmedia":[{"embeddable":true,"href":"https:\/\/www.decorento.ee\/pood\/wp-json\/wp\/v2\/media\/2419"}],"wp:attachment":[{"href":"https:\/\/www.decorento.ee\/pood\/wp-json\/wp\/v2\/media?parent=2418"}],"wp:term":[{"taxonomy":"product_brand","embeddable":true,"href":"https:\/\/www.decorento.ee\/pood\/wp-json\/wp\/v2\/product_brand?post=2418"},{"taxonomy":"product_cat","embeddable":true,"href":"https:\/\/www.decorento.ee\/pood\/wp-json\/wp\/v2\/product_cat?post=2418"},{"taxonomy":"product_tag","embeddable":true,"href":"https:\/\/www.decorento.ee\/pood\/wp-json\/wp\/v2\/product_tag?post=2418"}],"curies":[{"name":"wp","href":"https:\/\/api.w.org\/{rel}","templated":true}]}}