{"id":5537,"date":"2025-04-08T17:12:01","date_gmt":"2025-04-08T14:12:01","guid":{"rendered":"https:\/\/www.decorento.ee\/pood\/?post_type=product&#038;p=5537"},"modified":"2025-04-08T17:16:49","modified_gmt":"2025-04-08T14:16:49","slug":"pruudikimp-silktouch","status":"publish","type":"product","link":"https:\/\/www.decorento.ee\/pood\/toode\/pruudikimp-silktouch\/","title":{"rendered":"Pruudikimp &#8216;SILK TOUCH&#8217; kaus\u00e4ilivatest lilledest"},"content":{"rendered":"<p><span style=\"font-weight: 400;\">\u00dcksk\u00f5ik kui suur v\u00f5i v\u00e4ike on pulm, pruut on alati t\u00e4helepanu keskpunktis. Ta v\u00f5ib olla uhkes v\u00f5i hoopis lihtsas kleidis, teksades v\u00f5i isegi paljajalu, kuid \u00fcks detail on iga v\u00e4limuse jaoks kohustuslik \u2013 pruudikimp.<\/span><\/p>\n<p><span style=\"font-weight: 400;\">Pruudikimp on v\u00e4ike meistriteos, lilleline ime, floristi kordumatu looming. Lisaks eksklusiivse kompositsiooni koostamise raskusele on lilleseadjad alati silmitsi seisnud lillede n\u00e4rbumise probleemiga. Eriti pulmahooaja k\u00f5rgajal, kui sooja suveilmaga on pruudikimp terve p\u00e4eva pruudi k\u00e4es ilma veeta.\u00a0<\/span><\/p>\n<p><span style=\"font-weight: 400;\">Pole saladus, et pulmadeks valmistumine on pikk protsess, mis n\u00f5uab hoolikat l\u00e4bim\u00f5tlemist ja \u00fcksikasjalikku plaani. <\/span><span style=\"font-weight: 400;\">Pruudikimp omab pulmap\u00e4eval erilist t\u00e4hendust ja on \u00fcheks olulisemaks pruudi aksessuaariks<\/span><span style=\"font-weight: 400;\">. Kimp, nagu ka k\u00f5ik \u00fclej\u00e4\u00e4nud sellel p\u00e4eval, peab kogu t\u00e4histamise ajal olema visuaalselt t\u00e4iuslik. Just selle p\u00e4rast on parim variant tellida pruudikimp kauap\u00fcsivatest ehk stabiliseeritud lilledest ja taimedest. <\/span><span style=\"font-weight: 400;\">\u00dcksk\u00f5ik kui kaua ja millisel temperatuuril kimp pruudi k\u00e4tes p\u00fcsib, n\u00e4evad pruudikimbus olevad lilled v\u00e4rsked ja loomulikud, nagu oleksid need just l\u00f5igatud.\u00a0<\/span><\/p>\n<h3 class=\"p1\"><span style=\"vertical-align: inherit;\">MIS ON UINUVAD LILLED?<\/span><\/h3>\n<ul>\n<li>Uinuvad ehk stabiliseeritud lilled on naturaalsed elustaimed, mis p\u00fcsivad keskmiselt 3 aastat.<\/li>\n<li>Ehtsad lilled on t\u00f6\u00f6deldud spetsiaalse tehnnoloogia abil. Taimede loomulik niiksus eemaldatakse ja asendatakse s\u00e4ilitusainetega gl\u00fctseriini baasil, mis tagavad taimede<span style=\"vertical-align: inherit;\"> pikaaegse s\u00e4ilimise, v\u00e4rskuse ja kauni v\u00e4limuse lausa aastateks.<\/span><\/li>\n<li><span class=\"Y2IQFc\" lang=\"et\">Iga lill l\u00e4bib range valiku vastavalt teatud kriteeriumidele, punga suurusele ja kvaliteedile. Seej\u00e4rel pleegitatakse l\u00f5igatud ehtne taim v\u00e4rvituks. See protsess v\u00f5tab mitu p\u00e4eva aega. P\u00e4rast seda valitakse igale lillele oma v\u00e4rv ja koostatakse v\u00e4rvivalem. T\u00e4nu sellele protsessile on saadaval peaaegu iga vikerkaarev\u00e4rvi lille &#8211; looduslikust kuni k\u00f5ige s\u00e4ravama ja ebatavalisemani.<\/span><\/li>\n<li>Lahus, millega taimi stabiliseerimisprotsessi ajal t\u00f6\u00f6deldakse, on absoluutselt ohutu nii inimestele kui loomadele. K\u00f5ik tooted l\u00e4bivad erinevaid katseid ja peavad olema sertifitseeritud enne m\u00fc\u00fcgipunktidesse saatmist.<\/li>\n<li><span class=\"Y2IQFc\" lang=\"et\">H\u00fcpoallergeenne. Erinevalt tavalistest lilledest, mille \u00f5ietolm v\u00f5ib p\u00f5hjustada allergiat, on s\u00e4ilitatud lilled t\u00e4iesti h\u00fcpoallergeensed.<\/span><\/li>\n<li>Stabiliseeritud taimed ei vaja hoolt, vett ega p\u00e4ikest. Uinuvad rohelised taimed on suurep\u00e4rane lahendus pimedasse v\u00f5i kunstliku valgusega ruumi.<\/li>\n<li>Uinuvad lilled on suurep\u00e4rane sisustuselement ja kaunis kingitus, mis r\u00f5\u00f5mustab saajat uskumatult pikka aega.<\/li>\n<\/ul>\n<p>Pruudikimp on m\u00e4lestuseks pulmap\u00e4evast ka mitu aastat hiljem. Kui j\u00e4lgid lihtsaid s\u00e4ilitusreegleid, siis saad seda t\u00f5siselt kaua imetleda.<\/p>\n<h3 class=\"p1\"><span style=\"vertical-align: inherit;\">PRUUDIKIMP UINUVATEST LILLEDEST: HOOLDAMISJUHEND<\/span><\/h3>\n<ul class=\"ul1\">\n<li class=\"li1\"><span style=\"vertical-align: inherit;\">V\u00e4ltige vee sattumist taimedele, lehtedele v\u00f5i hoiuanumasse (lillealus, vaas vm)<\/span><\/li>\n<li class=\"li1\"><span style=\"vertical-align: inherit;\">V\u00e4ltige otsest p\u00e4ikesevalgust ning \u00e4rge hoidke taimi aknalaual<\/span><\/li>\n<li class=\"li1\"><span style=\"vertical-align: inherit;\">\u00c4rge hoidke stabiliseeritud taimi k\u00f5rge \u00f5huniiskusega ruumides (vannitoad, saunad, basseinid jne). Optimaalne \u00f5huniiskus peaks olema alla 80%<\/span><\/li>\n<li class=\"li1\"><span style=\"vertical-align: inherit;\">Optimaalne toatemperatuur peaks j\u00e4\u00e4ma vahemikku +5 kuni + 35 \u00b0. Samuti on soovitatav v\u00e4ltida j\u00e4rske temperatuurimuutusi<\/span><\/li>\n<li class=\"li1\"><span style=\"vertical-align: inherit;\">Soovi korral saab aeg-ajalt tolmu p\u00fchkida f\u00f6\u00f6ni k\u00fclma \u00f5hu funktsiooniga<\/span><\/li>\n<li class=\"li1\"><span style=\"vertical-align: inherit;\">Proovige v\u00f5imalusel taimi mitte katsuda<\/span><\/li>\n<li class=\"li1\"><span style=\"vertical-align: inherit;\">Stabiliseeritud \u00f5itel v\u00f5ivad tootmise erip\u00e4ra t\u00f5ttu olla kroonlehtedes kortsud ja praod. Seda ei peeta toote defektiks<\/span><\/li>\n<\/ul>\n<p><span class=\"JsGRdQ\">Kui soovid tellida pruudikimpu enda valitud disaini j\u00e4rgi siis kirjuta meile julgelt oma ideest!<br \/>\nArvestame iga pruudi personaalset soovi lillede ja toonide osas. L\u00f5plik pruudikimbu hind kujuneb olenevalt lillevalikust, kimbu suurusest ja eelt\u00f6\u00f6le kuluvast ajast. Peigmehe rinnan\u00f5ela valmistamisel l\u00e4htume pruudikimbu disainist. Lisaks on v\u00f5imalik tellida erinevaid juukseehteid &#8211; lillep\u00e4rg v\u00f5i<\/span> <span class=\"JsGRdQ\">lilledega kaunistatud juukseklamber annavad pruudisoengule lisav\u00e4\u00e4rtuse.\u00a0<\/span><\/p>\n<p>Rohkem pruudikimpe leiad tootekategooriast <a href=\"https:\/\/www.decorento.ee\/pood\/tootekategooria\/pulmad\/\">PRUUDIKIMBUD<\/a><\/p>\n<p>Et olla kursis meie tegemstega j\u00e4lgi meid <a href=\"https:\/\/www.instagram.com\/decorento.ee.pood\/\" target=\"_blank\" rel=\"noopener\">INSTAGRAMIS<\/a><\/p>\n","protected":false},"excerpt":{"rendered":"<p>Boho stiilis pruudikimp uinuvatest valgetest lilledest helesiniste detailidega. Unikaalne lillekimp, mis p\u00fcsib muutumatult kaunina lausa aastaid! Kimp on kaalult kerge ja seda on v\u00e4ga mugav k\u00e4es hoida. Lisaks pruudikimbule saab tellida sobivas stiilis peigmehe <a href=\"https:\/\/www.decorento.ee\/pood\/toode\/rinnanoel-mingle\/\">rinnan\u00f5ela<\/a>.<\/p>\n<p>Kimbu m\u00f5\u00f5dud: k\u00f5rgus u 40 cm, l\u00e4bim\u00f5\u00f5t u 35 cm<\/p>\n<h5>Miks valida pruudikimp uinuvatest lilledest ?<\/h5>\n<ul>\n<li>Kui registreerimine ja pulmap\u00e4ev on erinevatel p\u00e4evadel, siis pole vaja teist kimpu tellida.<\/li>\n<li>Ei pea kartma, et lilled n\u00e4rtsivad pildistamise, tseremoonia ja pulmap\u00e4eva ajal.<\/li>\n<li>Pruudikimp on m\u00e4lestuseks pulmap\u00e4evast ka mitu aastat hiljem. Kui j\u00e4lgid lihtsaid s\u00e4ilitusreegleid, siis saad seda t\u00f5siselt kaua imetleda.<\/li>\n<\/ul>\n<p><strong>PANE T\u00c4HELE:<\/strong><\/p>\n<ul>\n<li><strong>Olenevalt ekraani seadetest v\u00f5ivad reaalsed toonid pildist erineda. <\/strong><\/li>\n<li><strong>Pane t\u00e4hele, et isegi siis, kui kasutame samu materjale, iga kompositsioon on k\u00e4sit\u00f6\u00f6, seega\u00a0\u00a0see v\u00f5ib veidi erineda pildist.<\/strong><\/li>\n<li><strong><strong><strong> Tellimuse t\u00f6\u00f6tlemine ja v\u00e4ljasaatmine v\u00f5tab aega kuni 3 t\u00f6\u00f6p\u00e4eva.<\/strong><\/strong><\/strong>Hinna sisse kuulub kimbu pakendamine transpordiks. Kohaletoimetamine pakiautomaatidesse \u00fcle Eesti.<\/li>\n<\/ul>\n","protected":false},"featured_media":5541,"template":"","meta":[],"product_brand":[],"product_cat":[134],"product_tag":[213,211,196,214,198,212],"class_list":{"0":"post-5537","1":"product","2":"type-product","3":"status-publish","4":"has-post-thumbnail","6":"product_cat-pulmad","7":"product_tag-kimp","8":"product_tag-pruudikimp","9":"product_tag-pulm","10":"product_tag-pulmad","11":"product_tag-pulmadeks","12":"product_tag-pulmapaev","14":"first","15":"instock","16":"taxable","17":"shipping-taxable","18":"purchasable","19":"product-type-simple"},"_links":{"self":[{"href":"https:\/\/www.decorento.ee\/pood\/wp-json\/wp\/v2\/product\/5537","targetHints":{"allow":["GET"]}}],"collection":[{"href":"https:\/\/www.decorento.ee\/pood\/wp-json\/wp\/v2\/product"}],"about":[{"href":"https:\/\/www.decorento.ee\/pood\/wp-json\/wp\/v2\/types\/product"}],"wp:featuredmedia":[{"embeddable":true,"href":"https:\/\/www.decorento.ee\/pood\/wp-json\/wp\/v2\/media\/5541"}],"wp:attachment":[{"href":"https:\/\/www.decorento.ee\/pood\/wp-json\/wp\/v2\/media?parent=5537"}],"wp:term":[{"taxonomy":"product_brand","embeddable":true,"href":"https:\/\/www.decorento.ee\/pood\/wp-json\/wp\/v2\/product_brand?post=5537"},{"taxonomy":"product_cat","embeddable":true,"href":"https:\/\/www.decorento.ee\/pood\/wp-json\/wp\/v2\/product_cat?post=5537"},{"taxonomy":"product_tag","embeddable":true,"href":"https:\/\/www.decorento.ee\/pood\/wp-json\/wp\/v2\/product_tag?post=5537"}],"curies":[{"name":"wp","href":"https:\/\/api.w.org\/{rel}","templated":true}]}}