{"id":5769,"date":"2025-11-11T16:07:11","date_gmt":"2025-11-11T14:07:11","guid":{"rendered":"https:\/\/www.decorento.ee\/pood\/?post_type=product&#038;p=5769"},"modified":"2025-11-12T12:15:24","modified_gmt":"2025-11-12T10:15:24","slug":"90cmtahedjanumbridpuidust","status":"publish","type":"product","link":"https:\/\/www.decorento.ee\/pood\/toode\/90cmtahedjanumbridpuidust\/","title":{"rendered":"90 cm t\u00e4hed ja numbrid puidust"},"content":{"rendered":"<h2>90 cm t\u00e4hed ja numbrid puidust<\/h2>\n<div>Tugevad ja kvaliteetsed k\u00e4sit\u00f6\u00f6na valmistatud puidust t\u00e4he- ja numbri\u00advormid, k\u00f5rgusega 90 cm. Sobivad ideaalselt nii kodu kaunistamiseks kui ka s\u00fcndmuste ja fotosessioonide dekoratsiooniks. Iga t\u00e4ht on valmistatud naturaalsest puidust, mille pind on sile ja valmis edasiseks kujundamiseks \u2014 v\u00f5id neid v\u00e4rvida, lakkida, kaunistada kunstlillede, samblaga, valgusketiga v\u00f5i kangaga. Konstruktsioon on vastupidav, mis teeb need ideaalseks korduvaks kasutamiseks.<\/div>\n<div><\/div>\n<div>\n<div>Kasutusideed: pulmade ja juubelite dekoratsioonid, ettev\u00f5tte logot\u00e4hed vitriinis v\u00f5i messidel, kodune sisustus \u2014 n\u00e4iteks lastetoas, elutoas v\u00f5i terrassil, hooajalised projektid: j\u00f5ulud, s\u00f5brap\u00e4ev, kooli l\u00f5petamine<\/div>\n<\/div>\n<div><\/div>\n<div>Vali oma t\u00e4hed v\u00f5i numbrid, loo isikup\u00e4rane disain ja anna neile uus elu vastavalt s\u00fcndmusele v\u00f5i sisekujunduse stiilile.<\/div>\n<p>K\u00fcsi julgelt n\u00f5u: \u00a0info@decorento.ee<\/p>\n<p>Rohkem sisustuselemente ja puidust tooteid leiad tootekategooriast <a href=\"https:\/\/www.decorento.ee\/pood\/tootekategooria\/puidust\/\">PUIDUST<\/a><\/p>\n<p>Et olla kursis meie tegemistega j\u00e4lgi meid instagramis :<br \/>\n<a href=\"https:\/\/www.instagram.com\/decorento.ee\/\" target=\"_blank\" rel=\"noopener\">\u00dcRITUSTE KORRALDUS JA DEKOREERIMINE<\/a><br \/>\n<a href=\"https:\/\/www.instagram.com\/decorento.ee.pood\/\" target=\"_blank\" rel=\"noopener\">UINUVAD LILLED JA KINGITUSED<\/a><\/p>\n","protected":false},"excerpt":{"rendered":"<div>Tugevad ja kvaliteetsed k\u00e4sit\u00f6\u00f6na valmistatud puidust t\u00e4he- ja numbri\u00advormid, k\u00f5rgusega 90 cm. Neid saab v\u00e4rvida, lakkida, kaunistada kunstlillede, sambla, valgusketi v\u00f5i kangaga. Konstruktsioon on vastupidav, mis teeb need ideaalseks korduvaks kasutamiseks.<\/div>\n<p><strong>M\u00f5\u00f5dud:<\/strong> k 90 cm x 48 cm x 10 cm<br \/>\n<strong>Materjal:<\/strong> vineer<br \/>\n<strong>V\u00e4rv:<\/strong> naturaalne<br \/>\n<strong>Olemasolevad t\u00e4hed ja kogused:<\/strong> A x 1 tk, B x 1 tk, C x 2 tk, D x 1 tk, E x 1 tk, F x 2 tk, G x 1 tk, H x 2 tk, I x 1 tk, J x 2 tk, K x 1 tk, L x 1 tk, M x 1 tk, N x 2 tk, O x 1 tk, P x 2 tk, Q x 1 tk, R x 2 tk, S x 1 tk, T x 1 tk, U x 2 tk, V x 1 tk, W x 1 tk, X x 1 tk, Y x 1 tk, Z x 1 tk<br \/>\n<strong>Olemasolevad numbrid ja kogused:<\/strong> 2 x 1 tk, 3 x 1 tk, 4 x 1 tk, 6 x 2 tk, 7 x 2 tk, 8 x 2 tk, 9 x 2 tk<\/p>\n<div>Viimasel pildil on m\u00f5ned n\u00e4idised t\u00e4htede ja numbrite kaunistamise v\u00f5imalustest.<\/div>\n<h5><strong>PANE T\u00c4HELE: <\/strong><\/h5>\n<p>Stuudio DecoRento asub Tartus ja tooted, mis on pikemad kui 60cm ei mahu pakiautomaatidesse, k\u00fcsi pakkumist transpordile \u00fcle Eesti kirjutades info@decorento.ee<\/p>\n<p>&nbsp;<\/p>\n","protected":false},"featured_media":5773,"template":"","meta":[],"product_brand":[],"product_cat":[147],"product_tag":[],"class_list":{"0":"post-5769","1":"product","2":"type-product","3":"status-publish","4":"has-post-thumbnail","6":"product_cat-puidust","8":"first","9":"instock","10":"taxable","11":"shipping-taxable","12":"purchasable","13":"product-type-simple"},"_links":{"self":[{"href":"https:\/\/www.decorento.ee\/pood\/wp-json\/wp\/v2\/product\/5769","targetHints":{"allow":["GET"]}}],"collection":[{"href":"https:\/\/www.decorento.ee\/pood\/wp-json\/wp\/v2\/product"}],"about":[{"href":"https:\/\/www.decorento.ee\/pood\/wp-json\/wp\/v2\/types\/product"}],"wp:featuredmedia":[{"embeddable":true,"href":"https:\/\/www.decorento.ee\/pood\/wp-json\/wp\/v2\/media\/5773"}],"wp:attachment":[{"href":"https:\/\/www.decorento.ee\/pood\/wp-json\/wp\/v2\/media?parent=5769"}],"wp:term":[{"taxonomy":"product_brand","embeddable":true,"href":"https:\/\/www.decorento.ee\/pood\/wp-json\/wp\/v2\/product_brand?post=5769"},{"taxonomy":"product_cat","embeddable":true,"href":"https:\/\/www.decorento.ee\/pood\/wp-json\/wp\/v2\/product_cat?post=5769"},{"taxonomy":"product_tag","embeddable":true,"href":"https:\/\/www.decorento.ee\/pood\/wp-json\/wp\/v2\/product_tag?post=5769"}],"curies":[{"name":"wp","href":"https:\/\/api.w.org\/{rel}","templated":true}]}}